7))) + 9?
5
What is 1 - (-3 - (-12 - -3))?
-5
What is 1 + -3 - (25 - (38 - 10))?
1
Evaluate -3 - (-3 + -4) - 7 - 6.
-9
What is 6 - 14 - 0 - (-1 + -5)?
-2
What is the value of (-5 - -8) + (1 - 8 - -1)?
-3
What is -1 + 0 + -4 + 0?
-5
Calculate (-4 + -4 - -1) + (2 - 0).
-5
4 + -1 + 1 + -4
0
Evaluate 31 + -35 + -1 + 10 + 0.
5
What is the value of (-4 - -4) + 2 - 1?
1
-5 - (6 - 5) - (-10 - 4)
8
3 - ((-5 + 10 - -1) + -9)
6
What is the value of 3 - ((-9 - -6) + 6)?
0
Calculate (6 - 10) + 4 - -4.
4
-1 + (6 + -7 - 4)
-6
What is the value of 4 + 1 + -2 + -5 + 6?
4
(2 - 0) + 9 + (5 - 18)
-2
-1 + (0 - (1 + -6)) + -1
3
-7 + (0 - 7 - -7) - -6
-1
What is the value of (-1 - 1) + (1 - (1 - 3))?
1
-14 + 6 + (-3 - (-4 + -2))
-5
-8 + -1 - (26 - 32)
-3
Calculate (-3 - (-9 + 2)) + -6 - 3.
-5
Calculate -1 + (-7 + 6 - 3).
-5
Evaluate 23 + (-9 - -23) + -26.
11
Calculate -1 + -4 + -48 + 42 + 4.
-7
Calculate -1 + 5 - (9 + -7).
2
What is the value of 3 + -5 + 4 - 3?
-1
Calculate (-2 + -3 - -2 - 1) + 0.
-4
Evaluate -8 - -4 - -6 - 2.
0
Calculate (-14 - (-13 - -10)) + 6.
-5
What is the value of (-5 - (6 - 16)) + 3?
8
Calculate 6 + -2 + -2 - (0 - -4).
-2
What is the value of -4 - (-2 - (0 - -4))?
2
13 - 14 - (-1 + 4)
-4
Evaluate -10 - (8 - 17 - -4).
-5
What is the value of -6 + 12 + (-1 - 0)?
5
3 + 0 + (-12 - -17)
8
(-3 - -1) + (-7 + 10 - 4)
-3
Evaluate 4 - (-8 - -8 - 7) - 4.
7
0 - -1 - (7 - (0 + 2))
-4
21 + (-1 - 9) + -6
5
1 - (9 - (3 + 6 + -6))
-5
-2 - (7 + 1 - 14)
4
Calculate 0 + -2 - (5 + -1) - -2.
-4
Evaluate 0 + 14 - (-17 - -10 - -14).
7
Calculate 16 - 20 - (1 + 0).
-5
What is the value of 5 - (6 + -3 - 1)?
3
Calculate (10 - 18 - -1) + 13.
6
Calculate -3 - -2 - (5 + -3).
-3
What is 1 + 0 - (3 + -5)?
3
Calculate (5 - (4 + 3)) + 2.
0
What is -6 - -3 - -1 - -4?
2
(-6 - 1) + (-4 - -16)
5
Calculate 1 - -11 - (39 - 29).
2
Calculate 2 - -3 - 6 - 4.
-5
Calculate -5 - (4 - (2 - (-4 - -3))).
-6
(-13 - -22 - 11) + (-1 - 3)
-6
What is the value of 0 - (-1 + 5 - (3 + 3))?
2
Calculate -5 + 19 + -9 + -12.
-7
Evaluate 5 + 5 + (5 - 11).
4
Calculate 4 + 2 + 4 + -2 - 0.
8
Evaluate -1 + (-4 - 0) - -4 - 4.
-5
What is the value of -6 + 4 + -6 + (1 - -1)?
-6
What is the value of 4 + (-1 - (-2 + (-3 - -5)))?
3
Calculate -3 + 1 - (1 + (8 - 8)).
-3
What is the value of 2 + -1 + 0 - (2 + -3)?
2
What is the value of -1 + (-1 - -2 - 5) + 5?
0
What is the value of (-1 + -3 - (4 + -6)) + -2?
-4
What is -9 - (5 - (2 - -9))?
-3
Evaluate -1 + -6 + (0 - -1).
-6
Calculate 3 + 2 - (-1 + -5 - -4).
7
What is (-6 - (-1 - -1)) + 2 + 4?
0
What is the value of -105 + 108 - (2 + -3 + 2)?
2
What is the value of (-7 + 2 + -3 - -5) + -1?
-4
8 + (-7 - (-3 + 9 - 11))
6
0 - ((-3 - 0 - -5) + -2)
0
What is 3 - (-3 - (-4 + 2))?
4
8 + -1 + 13 + -17 - 0
3
14 + (0 - 6) - 2
6
Calculate -17 + 15 + 4 + 0 + -4.
-2
What is the value of 25 + -25 + (2 - 1)?
1
Calculate (-1 - 1) + (-1 - -3).
0
What is the value of 16 + 1 + (-12 - -3)?
8
3 + -5 + 3 + 2
3
Calculate 0 - (5 - 1 - (2 - 0)).
-2
-13 + -1 - (-86 - -79)
-7
Calculate -8 + -6 + 5 + (0 - -3).
-6
-2 - (2 + -1 - 4 - 2)
3
24 + -22 - (1 - -2)
-1
Calculate 0 - (-3 + 1 - (1 - 4)).
-1
Evaluate (4 - (12 - (-6 + 10))) + 9.
5
(-3 - (-1 + -5 + 2)) + -3
-2
-13 + 7 - -4 - 2
-4
What is -3 + 4 + (-3 + 1 - -4)?
3
4 + ((-7 - -3) + 9 - 4)
5
What is 0 + 1 + 4 + (-4 - -4)?
5
0 + 0 + (-7 + 5 - -4)
2
What is the value of -4 - (-7 - 6 - -19)?
-10
Calculate 4 + 1 + (-8 + 0 - -6).
3
What is -1 - (-12 - (-10 - (-8 - -4)))?
5
What is 6 + (0 - 0 - (0 - -5))?
1
Calculate 1 + -2 + 0 - (-669 - -666).
2
Calculate -2 - (-4 - -11) - -5.
-4
What is the value of 1 + (-7 - 0 - -3) + 5?
2
Evaluate -7 + 1 - (-28 + 24) - -6.
4
What is the value of -4 + (18 - 7 - 6)?
1
Evaluate 2 - (-10 - (-3 + 1) - -4).
6
13 - (10 + 0) - -1
4
Evaluate (-1 - -2 - 3) + (2 - 2).
-2
Evaluate (2 - -2) + 2 + -3.
3
10 + (-4 - 3) - 6
-3
What is (-4 - -14 - 5) + -2?
3
What is (-4 - -2) + (7 - 10)?
-5
What is the value of -4 - (4 - 5) - (0 - -1)?
-4
What is -1 + -5 + 0 + 4?
-2
Evaluate -32 - -31 - (-1 + 1).
-1
What is the value of 4 + 0 + (-6 - 4)?
-6
Evaluate -1 + 2 + 0 - (49 - 50).
2
(2 - 8) + 13 - 9 - -2
0
What is the value of (-1 - -7) + -7 + -4?
-5
What is -2 + 2 + -3 + -1 + 2?
-2
Evaluate 2 - (4 + 0) - -1.
-1
What is -5 + (22 - 27) + -1 + 5?
-6
What is 5 + (-1 - (6 - 0) - 0)?
-2
What is 0 - -1 - (7 - 3)?
-3
What is the value of -99 - -105 - (1 - -11)?
-6
What is the value of -1 - 4 - (-5 + 1)?
-1
Evaluate 3 + -1 - (4 + -5).
3
Calculate 0 + 1 + -4 + 3.
0
Evaluate 5 - (8 - 7 - -1).
3
Evaluate -13 + 2 + -5 + 17.
1
What is the value of 17 + -17 + (2 - -2)?
4
Evaluate 14 + -5 + -7 + 8.
10
Evaluate 1 + (-1 - (-10 - -8)).
2
Evaluate 8 + 3 + -11 + 4 + -8.
-4
What is -2 + (0 + -3 + -1 - -1)?
-5
Calculate (4 - 2) + -4 + 10 + -8.
0
Calculate -5 - (-6 - -13) - -11.
-1
Calculate -2 - (3 + (5 + -2 - 4)).
-4
What is -8 + ((2 - 3) + -3 - -9)?
-3
What is 6 - (4 - (-2 + 1 + 6))?
7
1 + -1 + 2 - 5
-3
(0 - (-1 + (7 - 23))) + -8
9
What is the value of (3 - 4 - 6) + 3?
-4
Calculate (-2 - (-5 - -7)) + -1.
-5
Evaluate (-8 - 1) + (118 - 116) + 8.
1
What is -2 - 4 - (6 + -15)?
3
What is -17 - (-6 + -8) - (-1 + -2)?
0
Evaluate 8 - (-12 + 25) - (1 + 2).
-8
What is the value of 4 + (1 + 3 - 1 - 6)?
1
Calculate 12 + -10 + 2 + (35 - 33).
6
What is the value of 0 + -2 + 0 + -2?
-4
What is 3 + 0 + -25 + 20?
-2
What is the value of 11 - (3 + -6 + 15)?
-1
What is 5 + -9 + 9 - (1 - 0)?
4
Calculate 2 + (2 - -4) - 3.
5
What is the value of (10 - 9) + 0 + 2?
3
What is 9 + (3 + -2 + -3 - 2)?
5
Evaluate (-2 - -6 - 1) + -2.
1
What is the value of 6 + -13 - (2 - (0 - -6))?
-3
What is 7 + 6 + 0 + -16 + 8?
5
Calculate -6 + 9 + (-2 - 1) + -1.
-1
Calculate -1 - (-3 + 2 - 1).
1
Calculate 11 + -20 - (-17 + -1).
9
What is the value of (0 - 2) + 81 + -77?
2
What is (-6 - (-12 - -6)) + 0?
0
Calculate -6 + 0 + 4 + 1.
-1
Evaluate -6 + (10 - 7) - (0 - -2).
-5
What is the value of 7 - (-1 - ((1 - 14) + 0))?
-5
6 + (3 - 4) + -1
4
Evaluate -3 - (7 - 5) - -4.
-1
What is the value of -7 + 3 + (3 - 3) + 4?
0
Evaluate (5 - 7) + 7 - 3.
2
What is the value of (-16 - -4) + 11 - (-1 + 8)?
-8
What is -3 + (2 - -1) + 1?
1
3 + -15 + 1 - (0 + -6)
-5
Calculate -1 + -2 + 2 + -1 + 3.
1
Evaluate -2 + 0 + (2 - 4) + -2.
-6
Evaluate 1 + -2 + (-9 + 7 - -6).
3
(-10 - -6) + 9 - 1
4
What is the value of -32 + 34 + 2 + -5?
-1
Calculate -3 + (-5 - (-15 + 5)) - -5.
7
What is 11 + 5 - (4 - -3)?
9
Calculate -3 - (2 + -7 - -2 - -5).
-5
Calculate -2 - 0 - (1 - (-2 - 1)).
-6
2 - (4 + (-2 - -3) + -3)
0
11 - (5 - (-9 + 7))
4
What is (-1 + 2 - -1) + 1?
3
-1 + -9 - (-10 - 7)
7
(-4 - -2) + (0 - 3)
-5
(-12 - -3) + (-4 - (-3 - 4))
-6
Calculate (1 - 10) + (-1 + 0 - -2).
-8
Calculate 9 - (2 - (-3 + 0)).
4
Evaluate (-4 - (-2 - 4)) + -9.
-7
Evaluate -4 + 2 + (11 - 5).
4
What is (4 + -4 - 3) + -3 - -1?
-5
What is the value of -3 + -1 - (0 + 0) - -3?
-1
What is (2 - (2 + 0 + 3)) + -2?
-5
Evaluate 0 + 4 + -8 + 4.
0
Evaluate 23 + -17 + -1 - (-1 - -4).
2
Calculate (-4 - -1) + -2 + (-5 - -9).
-1
What is the value of -5 + 8 + -3 - (1 + 1)?
-2
Calculate (-2 + -4 - -6) + 0 + 0.
0
Calculate 1 + (6 - 9) + 3.
1
Calculate 5 - (3 + 7 + -5).
0
9 + 1 - (24 - 17)
3
What is (-5 - 3) + 11 + -5?
-2
What is the value of (2 - 1) + (-12 - -7) + 0?
-4
What is the value of -9 + 6 + 0 + (-1 - -2)?
-2
What is the value of (-2 - 7) + 4 + 7?
2
What is the value of 6 + -7 + 1 + 2?
2
Calculate (-2 - 0) + 2 + 1.
1
What is the value of (-3 - -6) + -4 + -1?
-2
Evaluate 5 - 9 - (-5 + 3).
-2
What is (-14 - -7) + (-1 - -6)?
-2
What is 1 + (-7 + 20 - 8)?
6
What is the value of (-3 - (-1 - -2)) + 6?
2
Evaluate -2 - (-2 + 0 - (-3 + 1)).
-2
Evaluate (2 - (-1 + 0)) + -6.
-3
What is the value of -7 - (6 + -5 + -7 - 1)?
0
What is the value of -1 - (-4 - (-10 - -2))?
-5
What is (7 - 3) + -3 + -3 - -3?
1
What is the value of 2 + (4 - (-2 + 3))?
5
Calculate (-1 - 4) + 2 + 1.
-2
4 - (7 + -12 + 9)
0
Calculate (-8 + -2 - -14) + 2.
6
Calculate -4 - (3 + -2 + -7 - -1).
1
What is the value of 1 - 3 - (7 + -10)?
1
Calculate 0 - ((1 - -1) + (10 - 16)).
4
Evaluate 85 + -86 - (1 - -6).
-8
2 + -1 - (8 + -7)
0
What is the value of -1 + -7 - (-9 + (3 - -3))?
-5
What is the value of 7 + -19 + (10 - -1)?
-1
-3 + -2 + -2 + 4
-3
-2 + 1 + (-6 - -7 - 3)
-3
Calculate 1 + 5 + -4 - -1.
3
Calculate 